s of 609157.
211, 2887
What are the prime factors of 1025602?
2, 193, 2657
What are the prime factors of 6079229?
13, 467633
List the prime factors of 129904.
2, 23, 353
List the prime factors of 56538.
2, 3, 349
List the prime factors of 2523959.
2523959
List the prime factors of 650098.
2, 53, 6133
What are the prime factors of 785001?
3, 7, 29, 1289
What are the prime factors of 13053927?
3, 59, 73751
What are the prime factors of 318435?
3, 5, 13, 23, 71
List the prime factors of 223942.
2, 41, 2731
List the prime factors of 3531194.
2, 1765597
What are the prime factors of 181205?
5, 36241
List the prime factors of 259540.
2, 5, 19, 683
List the prime factors of 980943.
3, 79, 4139
List the prime factors of 5640247.
41, 137567
What are the prime factors of 3262135?
5, 401, 1627
List the prime factors of 4244936.
2, 37, 14341
What are the prime factors of 6829285?
5, 97, 14081
What are the prime factors of 254523?
3, 37, 2293
List the prime factors of 20574.
2, 3, 127
What are the prime factors of 667938?
2, 3, 111323
List the prime factors of 7765816.
2, 59, 16453
List the prime factors of 51354.
2, 3, 317
List the prime factors of 208543.
107, 1949
What are the prime factors of 1992481?
1992481
List the prime factors of 1240186.
2, 31, 83, 241
What are the prime factors of 343640?
2, 5, 11, 71
What are the prime factors of 3404245?
5, 13, 83, 631
List the prime factors of 462441.
3, 7, 19, 61
List the prime factors of 6862673.
353, 19441
List the prime factors of 1200137.
359, 3343
What are the prime factors of 5377581?
3, 11, 54319
List the prime factors of 5138569.
19, 270451
What are the prime factors of 18349230?
2, 3, 5, 611641
List the prime factors of 826031.
557, 1483
What are the prime factors of 16866747?
3, 1874083
What are the prime factors of 2155151?
19, 31, 3659
What are the prime factors of 10050800?
2, 5, 25127
What are the prime factors of 13199491?
37, 53, 127
List the prime factors of 113653.
89, 1277
List the prime factors of 198289.
7, 13, 2179
What are the prime factors of 1099985?
5, 17, 12941
What are the prime factors of 1065180?
2, 3, 5, 41, 433
What are the prime factors of 1377011?
269, 5119
List the prime factors of 499659.
3, 151, 1103
List the prime factors of 272624.
2, 11, 1549
What are the prime factors of 553943?
13, 42611
List the prime factors of 3143438.
2, 1571719
What are the prime factors of 591836?
2, 7, 23, 919
What are the prime factors of 7412589?
3, 823621
List the prime factors of 3076549.
7, 23, 97, 197
What are the prime factors of 777874?
2, 388937
What are the prime factors of 646429?
7, 92347
List the prime factors of 1783568.
2, 19, 5867
List the prime factors of 61694.
2, 109, 283
List the prime factors of 423195.
3, 5, 89, 317
List the prime factors of 24803341.
19, 167, 7817
What are the prime factors of 140918?
2, 70459
What are the prime factors of 14565247?
1549, 9403
List the prime factors of 40559.
40559
What are the prime factors of 152833?
152833
What are the prime factors of 119544?
2, 3, 17, 293
What are the prime factors of 5944617?
3, 7, 71, 443
List the prime factors of 146463.
3, 48821
List the prime factors of 143807.
143807
List the prime factors of 2213004.
2, 3, 184417
List the prime factors of 5796698.
2, 47, 61667
What are the prime factors of 352596?
2, 3, 29383
What are the prime factors of 106717?
13, 8209
What are the prime factors of 269639?
47, 5737
What are the prime factors of 2829456?
2, 3, 7, 401
What are the prime factors of 8531235?
3, 5, 189583
What are the prime factors of 3382637?
47, 71971
List the prime factors of 3403107.
3, 126041
List the prime factors of 16023833.
7, 327017
List the prime factors of 5409.
3, 601
What are the prime factors of 16073295?
3, 5, 7, 47, 3257
What are the prime factors of 6203121?
3, 881, 2347
List the prime factors of 131123.
23, 5701
What are the prime factors of 768298?
2, 17, 59, 383
List the prime factors of 158759.
158759
What are the prime factors of 805194?
2, 3, 13, 31, 37
What are the prime factors of 6718941?
3, 37, 20177
List the prime factors of 7223719.
7223719
What are the prime factors of 1483338?
2, 3, 247223
List the prime factors of 316476.
2, 3, 59, 149
What are the prime factors of 3551263?
191, 18593
What are the prime factors of 3448670?
2, 5, 199, 1733
What are the prime factors of 3362678?
2, 11, 353, 433
List the prime factors of 34289.
17, 2017
List the prime factors of 18126569.
1447, 12527
What are the prime factors of 24591736?
2, 13, 179, 1321
What are the prime factors of 1083977?
31, 73, 479
What are the prime factors of 407431?
181, 2251
What are the prime factors of 2507528?
2, 31, 10111
What are the prime factors of 366197?
13, 17, 1657
What are the prime factors of 22112471?
29, 762499
List the prime factors of 26563006.
2, 257, 51679
What are the prime factors of 2196388?
2, 549097
What are the prime factors of 171444?
2, 3, 7, 13, 157
List the prime factors of 98008.
2, 12251
What are the prime factors of 677327?
7, 23, 601
What are the prime factors of 238129?
53, 4493
List the prime factors of 11503731.
3, 3834577
What are the prime factors of 158372?
2, 17, 137
List the prime factors of 915147.
3, 23, 4421
What are the prime factors of 8945955?
3, 5, 61, 3259
List the prime factors of 7397915.
5, 7, 211369
List the prime factors of 1276503.
3, 425501
What are the prime factors of 797991?
3, 461, 577
List the prime factors of 377143.
13, 67, 433
List the prime factors of 125438.
2, 19, 3301
What are the prime factors of 2959387?
23, 128669
List the prime factors of 1502601.
3, 31, 107, 151
What are the prime factors of 556208?
2, 34763
List the prime factors of 648808.
2, 81101
What are the prime factors of 3026136?
2, 3, 17, 7417
What are the prime factors of 137060?
2, 5, 7, 11, 89
List the prime factors of 3318288.
2, 3, 73, 947
What are the prime factors of 645581?
645581
List the prime factors of 465088.
2, 13, 43
What are the prime factors of 7644812?
2, 7, 273029
What are the prime factors of 155243?
11, 1283
List the prime factors of 5696449.
11, 109, 4751
List the prime factors of 3244377.
3, 541, 1999
What are the prime factors of 4268787?
3, 19, 74891
List the prime factors of 2393263.
2393263
List the prime factors of 8439595.
5, 31, 54449
List the prime factors of 202350.
2, 3, 5, 19, 71
List the prime factors of 1845254.
2, 922627
What are the prime factors of 4276688?
2, 13, 29, 709
List the prime factors of 226810.
2, 5, 37, 613
List the prime factors of 614593.
7, 19, 4621
List the prime factors of 1413981.
3, 157109
What are the prime factors of 305915?
5, 17, 59, 61
List the prime factors of 1192.
2, 149
What are the prime factors of 213260?
2, 5, 10663
What are the prime factors of 5418099?
3, 29, 20759
List the prime factors of 1559940.
2, 3, 5, 25999
What are the prime factors of 6364391?
11, 578581
List the prime factors of 37265830.
2, 5, 7, 47, 241
What are the prime factors of 706470?
2, 3, 5, 23549
List the prime factors of 92440.
2, 5, 2311
What are the prime factors of 65074?
2, 32537
What are the prime factors of 191246?
2, 11, 8693
What are the prime factors of 2582217?
3, 11, 26083
What are the prime factors of 17768147?
17768147
List the prime factors of 10338973.
10338973
What are the prime factors of 341533?
29, 11777
List the prime factors of 109629.
3, 13, 937
What are the prime factors of 752024?
2, 7, 13, 1033
What are the prime factors of 31000582?
2, 15500291
List the prime factors of 286849.
79, 3631
List the prime factors of 36664703.
307, 119429
What are the prime factors of 845391?
3, 281797
What are the prime factors of 92752?
2, 11, 17, 31
What are the prime factors of 1172622?
2, 3, 11, 109, 163
List the prime factors of 120506.
2, 89, 677
List the prime factors of 4603505.
5, 920701
What are the prime factors of 2440507?
23, 106109
What are the prime factors of 89447?
23, 3889
What are the prime factors of 4377880?
2, 5, 13, 8419
List the prime factors of 1449031.
37, 39163
List the prime factors of 16070105.
5, 19, 169159
What are the prime factors of 3240645?
3, 5, 37, 5839
What are the prime factors of 833407?
41, 20327
List the prime factors of 1963903.
919, 2137
List the prime factors of 7131980.
2, 5, 43, 8293
What a